et p be t(-9). What is the highest common factor of n and p?
1
Suppose -5*w + 4*f = -21, -5*f = 2*w + 3 - 18. Let k be (-6)/((-13)/2 + w). Let s be (-2 + k - 4)*-7. What is the greatest common factor of 14 and s?
14
Let m be ((-413)/(-118))/(2/28). Suppose 56*h = m*h + 7. What is the greatest common divisor of h and 123?
1
Suppose 2*j = 33*a - 31*a + 17394, 2*a = 0. What is the greatest common divisor of j and 78?
39
Let y(b) = -18*b + 95. Let x be y(5). Let h(w) = 6*w**2 - 24*w + 1. Let a be h(x). What is the greatest common factor of a and 1?
1
Suppose 24*o - 749700 = -102*o. What is the greatest common factor of 70 and o?
70
Let x be (-939)/1252 - (-422)/8. Calculate the highest common factor of x and 392.
4
Suppose -35*g = 109*g - 3168. Suppose -y - 4*y - 30 = 0. Let k(v) = v**2 - 3. Let r be k(y). Calculate the highest common divisor of g and r.
11
Suppose 4*v = 4*c - 40, -18 = -c - 2*v - v. Let w = 10 - c. Let x be 2049/27 + w/(-18). Calculate the greatest common factor of x and 19.
19
Let u = 114 + -106. Suppose -u*q = 4*y - 5*q - 47, 4*q = y - 26. What is the greatest common divisor of 224 and y?
14
Suppose -2*d - 174*s + 892 = -172*s, 3*d - 1328 = -5*s. Calculate the highest common factor of d and 935.
11
Let h(g) = -7*g**3 - 88*g**2 + 35*g + 86. Let i be h(-13). Let s = -32 - 84. Let p = i + s. Calculate the greatest common factor of p and 220.
22
Suppose 6 = -10*w + 11*w. Let c be (4 - (w + -1))*2. Let q(u) = 3*u**2 - u - 1. Let z be q(c). Calculate the greatest common factor of 13 and z.
13
Let i(v) = -3*v**2 + 212*v + 1253. Let a be i(74). Calculate the greatest common factor of 459 and a.
27
Let y = -709 - -722. Suppose 313 = y*n - 623. Calculate the greatest common factor of n and 180.
36
Suppose 2387*j - 2407*j + 5120 = 0. Let x(v) = 8*v - 8. Let i be x(9). Calculate the greatest common factor of i and j.
64
Let y be (5 - (-3 + 4))*(2 - (-73 - -1)). What is the highest common factor of 32 and y?
8
Let d(x) = x**2 - 5*x + 4. Let a = 16 - 10. Let h be d(a). Let m be (-1470)/(-392)*(0 + -2 - -10). What is the greatest common divisor of h and m?
10
Let y be (-11 - 341/(-33))*-336. What is the greatest common factor of 182 and y?
14
Suppose -2*a + 60*x = 61*x - 749, 0 = 4*a + x - 1503. Calculate the greatest common divisor of a and 319.
29
Let p(o) = 3*o**2 - 31*o + 6. Let f be p(16). Let x = f - 263. Calculate the greatest common divisor of 55 and x.
5
Let g be (-83)/9 + 8 + (-2)/(-9). Let u be (-5)/g + (-15224)/(-22). What is the greatest common divisor of u and 17?
17
Let p be (-3 - (-7)/3)*-3. Suppose -2*r + 0*y + 5*y = 83, r + y + 24 = 0. Let k be (r - -16)/((-2)/p). Calculate the greatest common factor of 39 and k.
13
Let p be ((-1)/(-1) - 3)/((-6)/96). Suppose 4*a = m - p + 113, -2*a - 3*m + 51 = 0. What is the highest common divisor of 161 and a?
7
Let o(g) = 5*g**2 + 147*g + 2035. Let f be o(-14). Calculate the highest common factor of f and 58.
29
Suppose 4*f - 5976 = -3164. What is the greatest common factor of 37 and f?
37
Suppose 0 = 2*x + 42 - 132. Let r be 1431/x + (-3)/(-15). Suppose r + 23 = s. What is the highest common factor of s and 5?
5
Let a(n) = 12*n - 113. Let l(k) = -26*k + 227. Let w(y) = 7*a(y) + 3*l(y). Let g be w(25). Calculate the highest common factor of 5 and g.
5
Suppose g + 3*h - 168 = -0*h, g - 2*h = 188. Calculate the highest common factor of 3510 and g.
90
Let j = -39 - -73. Let n(z) = -3*z - 2. Let r be n(-2). Suppose 0 = 4*g - 5*a - 35 - 398, -r*g + 413 = -a. What is the highest common divisor of j and g?
34
Suppose 254 = 5*f + c, 7*c - 4*c = 4*f - 188. Let w = 1101 + -1076. Calculate the highest common divisor of f and w.
25
Suppose -11*x + 12*x = -14. Let h(t) = -t**2 - 14*t + 4. Let q be h(x). Suppose q*s + s - 35 = 0. Calculate the greatest common divisor of s and 77.
7
Suppose 3*u - 49 = 4*r - 6*r, 0 = -5*r + 3*u + 175. What is the highest common factor of r and 28384?
32
Suppose -215 = -40*v + 425. Suppose 429 = v*c - 3*c. Calculate the highest common divisor of 143 and c.
11
Let o = -15653 - -15939. Calculate the greatest common divisor of 12155 and o.
143
Suppose -2*y + 2*z + 36 = 0, -4*y + 49 = -z - 32. Let d be 20*(y/6 + -2). Calculate the greatest common divisor of 690 and d.
30
Let m = 48 - -218. Let w = 469 - m. What is the greatest common divisor of 29 and w?
29
Suppose -4*y + 19 = 3. Let j be -1 - ((-240)/y - 4). What is the greatest common divisor of 42 and j?
21
Let d = 31515 - 30985. What is the highest common factor of d and 640?
10
Let y(k) = -k**2 + 10*k - 8. Let j be y(7). Suppose -j*d + 1248 = -9*d. Suppose 0 = r - 5*r + d. What is the greatest common divisor of 26 and r?
26
Suppose 1585*j - 1597*j + 669 + 675 = 0. Calculate the greatest common divisor of j and 3.
1
Let k(o) = -10*o - 41. Let p be k(-8). Let g = 923 - 650. What is the highest common divisor of g and p?
39
Let o = -1768 + 2188. What is the highest common divisor of o and 945?
105
Let h = 9494 - 9480. What is the greatest common factor of 4102 and h?
14
Suppose 2*t = -2*t + 324. Suppose -60 = 50*h - 55*h - 5*o, h - 5*o + 42 = 0. Calculate the highest common factor of h and t.
3
Let l = -7004 - -7116. What is the greatest common factor of 9464 and l?
56
Let n(p) = 380*p - 1264. Let m be n(4). Calculate the greatest common divisor of m and 1.
1
Suppose 5*d = 2*w - 559, 6*w - 5*w - 2*d = 278. What is the highest common factor of w and 512?
16
Let h(m) = -12*m**3 + 2*m + 1. Let y be h(-1). Let i = 21049 - 23231. Let l be i/(-22) + (-2)/y. What is the greatest common divisor of 9 and l?
9
Let v = 4289 - 4267. Suppose -2*j = 4*i - 792, -2*i + 835 + 749 = 4*j. Calculate the greatest common factor of j and v.
22
Let f be (48/28)/(5 + -8 - (-106)/35). Calculate the greatest common factor of f and 11580.
60
Let c(b) = -487*b**3 - 280*b - 566. Let o be c(-2). What is the greatest common divisor of o and 10?
10
Let g(r) = r**3 + 10*r**2 - 11*r + 2. Let l be 1 + 20/(-16) + 195/(-20). Let w be g(l). What is the greatest common factor of 48 and w?
16
Let o = 99712 + -50215. What is the highest common divisor of 21 and o?
21
Suppose 0 = 60*h - 55*h + 30, 3*h = 3*u - 87. Calculate the greatest common divisor of 23 and u.
23
Let j = 21474 + -8762. What is the greatest common divisor of j and 224?
56
Let f be (0 - -504)/((-453)/(-302)). What is the highest common divisor of f and 8400?
336
Let f = 14 + 21. Suppose 0 = -14*x + 338 - 198. Let s(i) = -i**3 + 9*i**2 + 15*i - 43. Let a be s(x). Calculate the highest common factor of f and a.
7
Let v = -2554 - -2567. What is the greatest common divisor of 949 and v?
13
Let j(q) = -q**3 + 8*q**2 + 2*q - 12. Let w be j(8). Let h(m) = -2*m**2 - 8*m + 4. Let v be h(-4). What is the highest common factor of v and w?
4
Let h(o) = -2*o + 148. Let g be h(10). Suppose 2*z - 156 = -g. What is the highest common factor of z and 224?
14
Let a = -278 - -850. Suppose 0 = -5*w, -5*k - 3*w = -0*w - 260. What is the highest common divisor of a and k?
52
Let s(k) = 6*k**2 + 5*k - 15. Let q be s(-6). Let m = 192 - q. Let g = -34 + 62. Calculate the highest common factor of g and m.
7
Let s be 44/6 + (-4)/(-6). Let j be (((-6)/(-2))/12)/((-3)/(-228)). Let t be 3 + j + 0 + -2. What is the greatest common factor of t and s?
4
Let h be 4 + 264/(-64) - 216328/(-64). What is the highest common factor of h and 26?
26
Suppose -2*l - 16*n + 15*n = -41, 0 = 3*l + 2*n - 62. Calculate the greatest common factor of l and 215.
5
Let v be (-32)/(-24) - (-2)/3. Suppose -10*z + 12 = -7*z, -v*q = 3*z - 106. Calculate the highest common divisor of q and 846.
47
Let c(b) = 3*b**2 + 5*b - 18. Let t be c(-6). Let x be 0/(3/((-15)/(-5))). Let y be (x - 4) + 6 + 43. What is the highest common divisor of y and t?
15
Let n be ((-42)/7)/((3/26)/(-1)). Let a(j) = -3*j + 3. Let k be a(-1). Calculate the greatest common divisor of k and n.
2
Let j be (-21168)/252*5/(-4). What is the highest common factor of j and 4770?
15
Let x(n) = n**3 + 6*n**2 - 26*n - 63. Let v be 15*14/(-21) + 2. Let r be x(v). Calculate the greatest common factor of 3 and r.
1
Suppose 15*l = 11*l + 28. Suppose 37 = -2*z + 3*i, -l*z = -2*z + 4*i + 127. Let n = z + 31. What is the highest common divisor of n and 32?
8
Let z be 51*12/(-9)*5/(-4). Suppose